{"id":293,"date":"2025-03-26T21:24:15","date_gmt":"2025-03-26T21:24:15","guid":{"rendered":"https:\/\/thehoneyclub.com.br\/?page_id=293"},"modified":"2025-10-09T21:59:51","modified_gmt":"2025-10-09T21:59:51","slug":"cassiano-prado-2","status":"publish","type":"page","link":"https:\/\/thehoneyclub.com.br\/?page_id=293","title":{"rendered":"Alessandro Rhett"},"content":{"rendered":"\t\t<div data-elementor-type=\"wp-page\" data-elementor-id=\"293\" class=\"elementor elementor-293\" data-elementor-post-type=\"page\">\n\t\t\t\t<div class=\"elementor-element elementor-element-58c06595 e-flex e-con-boxed e-con e-parent\" data-id=\"58c06595\" data-element_type=\"container\" data-settings=\"{&quot;background_background&quot;:&quot;gradient&quot;}\">\n\t\t\t\t\t<div class=\"e-con-inner\">\n\t\t<div class=\"elementor-element elementor-element-c92c5f2 e-con-full e-flex e-con e-child\" data-id=\"c92c5f2\" data-element_type=\"container\" data-settings=\"{&quot;background_background&quot;:&quot;slideshow&quot;,&quot;background_slideshow_gallery&quot;:[],&quot;background_slideshow_loop&quot;:&quot;yes&quot;,&quot;background_slideshow_slide_duration&quot;:5000,&quot;background_slideshow_slide_transition&quot;:&quot;fade&quot;,&quot;background_slideshow_transition_duration&quot;:500}\">\n\t\t\t\t<div class=\"elementor-element elementor-element-706225e5 elementor-widget elementor-widget-image\" data-id=\"706225e5\" data-element_type=\"widget\" data-widget_type=\"image.default\">\n\t\t\t\t\t\t\t\t\t\t\t\t\t\t\t<img fetchpriority=\"high\" decoding=\"async\" width=\"831\" height=\"395\" src=\"https:\/\/thehoneyclub.com.br\/wp-content\/uploads\/2024\/12\/Honey-Club-Apresentacao-atendentes-10.png\" class=\"attachment-large size-large wp-image-149\" alt=\"\" srcset=\"https:\/\/thehoneyclub.com.br\/wp-content\/uploads\/2024\/12\/Honey-Club-Apresentacao-atendentes-10.png 831w, https:\/\/thehoneyclub.com.br\/wp-content\/uploads\/2024\/12\/Honey-Club-Apresentacao-atendentes-10-300x143.png 300w, https:\/\/thehoneyclub.com.br\/wp-content\/uploads\/2024\/12\/Honey-Club-Apresentacao-atendentes-10-768x365.png 768w\" sizes=\"(max-width: 831px) 100vw, 831px\" \/>\t\t\t\t\t\t\t\t\t\t\t\t\t\t\t<\/div>\n\t\t\t\t<div class=\"elementor-element elementor-element-19a06366 elementor-widget elementor-widget-spacer\" data-id=\"19a06366\" data-element_type=\"widget\" data-widget_type=\"spacer.default\">\n\t\t\t\t\t\t\t<div class=\"elementor-spacer\">\n\t\t\t<div class=\"elementor-spacer-inner\"><\/div>\n\t\t<\/div>\n\t\t\t\t\t\t<\/div>\n\t\t\t\t<div class=\"elementor-element elementor-element-43dd6a73 elementor-widget elementor-widget-heading\" data-id=\"43dd6a73\" data-element_type=\"widget\" data-widget_type=\"heading.default\">\n\t\t\t\t\t<h2 class=\"elementor-heading-title elementor-size-default\">Espa\u00e7o do Modelo<\/h2>\t\t\t\t<\/div>\n\t\t\t\t<div class=\"elementor-element elementor-element-7ee692f1 elementor-widget elementor-widget-text-editor\" data-id=\"7ee692f1\" data-element_type=\"widget\" data-widget_type=\"text-editor.default\">\n\t\t\t\t\t\t\t\t\t<p style=\"text-align: center;\"><strong>Seja Bem-Vindo!<\/strong><\/p>\t\t\t\t\t\t\t\t<\/div>\n\t\t\t\t<div class=\"elementor-element elementor-element-76e7c33 elementor-widget elementor-widget-text-editor\" data-id=\"76e7c33\" data-element_type=\"widget\" data-widget_type=\"text-editor.default\">\n\t\t\t\t\t\t\t\t\t<p style=\"text-align: center;\">Este \u00e9 o seu espa\u00e7o pessoal para ter acesso aos principais links da sua opera\u00e7\u00e3o!<\/p>\t\t\t\t\t\t\t\t<\/div>\n\t\t\t\t<div class=\"elementor-element elementor-element-41a4886 elementor-widget elementor-widget-image\" data-id=\"41a4886\" data-element_type=\"widget\" data-widget_type=\"image.default\">\n\t\t\t\t\t\t\t\t\t\t\t\t\t\t\t<img decoding=\"async\" width=\"438\" height=\"425\" src=\"https:\/\/thehoneyclub.com.br\/wp-content\/uploads\/2025\/03\/Honey-Club-Stories-4.webp\" class=\"attachment-large size-large wp-image-294\" alt=\"\" srcset=\"https:\/\/thehoneyclub.com.br\/wp-content\/uploads\/2025\/03\/Honey-Club-Stories-4.webp 438w, https:\/\/thehoneyclub.com.br\/wp-content\/uploads\/2025\/03\/Honey-Club-Stories-4-300x291.webp 300w\" sizes=\"(max-width: 438px) 100vw, 438px\" \/>\t\t\t\t\t\t\t\t\t\t\t\t\t\t\t<\/div>\n\t\t\t\t<div class=\"elementor-element elementor-element-cbfa335 elementor-widget-divider--view-line elementor-widget elementor-widget-divider\" data-id=\"cbfa335\" data-element_type=\"widget\" data-widget_type=\"divider.default\">\n\t\t\t\t\t\t\t<div class=\"elementor-divider\">\n\t\t\t<span class=\"elementor-divider-separator\">\n\t\t\t\t\t\t<\/span>\n\t\t<\/div>\n\t\t\t\t\t\t<\/div>\n\t\t\t\t<div class=\"elementor-element elementor-element-70b7859 elementor-widget elementor-widget-heading\" data-id=\"70b7859\" data-element_type=\"widget\" data-widget_type=\"heading.default\">\n\t\t\t\t\t<h2 class=\"elementor-heading-title elementor-size-default\">Links de acesso<\/h2>\t\t\t\t<\/div>\n\t\t\t\t<div class=\"elementor-element elementor-element-c616bc3 elementor-widget elementor-widget-image\" data-id=\"c616bc3\" data-element_type=\"widget\" data-widget_type=\"image.default\">\n\t\t\t\t\t\t\t\t\t\t\t\t\t\t\t\t<a href=\"https:\/\/docs.google.com\/spreadsheets\/d\/1si3-cgCHT4dOpEkuEG3T2a9SMvbrUCtPsjrZxfRtntE\/edit?gid=119205076#gid=119205076\">\n\t\t\t\t\t\t\t<img decoding=\"async\" width=\"729\" height=\"101\" src=\"https:\/\/thehoneyclub.com.br\/wp-content\/uploads\/2025\/05\/Honey-Club-Stories-1.webp\" class=\"attachment-large size-large wp-image-362\" alt=\"\" srcset=\"https:\/\/thehoneyclub.com.br\/wp-content\/uploads\/2025\/05\/Honey-Club-Stories-1.webp 729w, https:\/\/thehoneyclub.com.br\/wp-content\/uploads\/2025\/05\/Honey-Club-Stories-1-300x42.webp 300w\" sizes=\"(max-width: 729px) 100vw, 729px\" \/>\t\t\t\t\t\t\t\t<\/a>\n\t\t\t\t\t\t\t\t\t\t\t\t\t\t\t<\/div>\n\t\t\t\t<div class=\"elementor-element elementor-element-baf0993 elementor-hidden-desktop elementor-hidden-tablet elementor-hidden-mobile elementor-widget elementor-widget-image\" data-id=\"baf0993\" data-element_type=\"widget\" data-widget_type=\"image.default\">\n\t\t\t\t\t\t\t\t\t\t\t\t\t\t\t\t<a href=\"https:\/\/chat.whatsapp.com\/FAN9w0CHmuz8aJwb1z3b2n\">\n\t\t\t\t\t\t\t<img loading=\"lazy\" decoding=\"async\" width=\"1024\" height=\"150\" src=\"https:\/\/thehoneyclub.com.br\/wp-content\/uploads\/2025\/03\/Honey-Club-Apresentacao-Modelos-7-1024x150.webp\" class=\"attachment-large size-large wp-image-270\" alt=\"\" srcset=\"https:\/\/thehoneyclub.com.br\/wp-content\/uploads\/2025\/03\/Honey-Club-Apresentacao-Modelos-7-1024x150.webp 1024w, https:\/\/thehoneyclub.com.br\/wp-content\/uploads\/2025\/03\/Honey-Club-Apresentacao-Modelos-7-300x44.webp 300w, https:\/\/thehoneyclub.com.br\/wp-content\/uploads\/2025\/03\/Honey-Club-Apresentacao-Modelos-7-768x112.webp 768w, https:\/\/thehoneyclub.com.br\/wp-content\/uploads\/2025\/03\/Honey-Club-Apresentacao-Modelos-7.webp 1113w\" sizes=\"(max-width: 1024px) 100vw, 1024px\" \/>\t\t\t\t\t\t\t\t<\/a>\n\t\t\t\t\t\t\t\t\t\t\t\t\t\t\t<\/div>\n\t\t\t\t<div class=\"elementor-element elementor-element-d75d5cd elementor-widget elementor-widget-image\" data-id=\"d75d5cd\" data-element_type=\"widget\" data-widget_type=\"image.default\">\n\t\t\t\t\t\t\t\t\t\t\t\t\t\t\t\t<a href=\"https:\/\/docs.google.com\/document\/d\/1zJE-6JRBG7yzgz8t0mON9xskN9nmwNP-YQXi11xrrJI\/edit?usp=sharing\">\n\t\t\t\t\t\t\t<img loading=\"lazy\" decoding=\"async\" width=\"1024\" height=\"150\" src=\"https:\/\/thehoneyclub.com.br\/wp-content\/uploads\/2025\/03\/Honey-Club-Apresentacao-Modelos-8-1024x150.webp\" class=\"attachment-large size-large wp-image-271\" alt=\"\" srcset=\"https:\/\/thehoneyclub.com.br\/wp-content\/uploads\/2025\/03\/Honey-Club-Apresentacao-Modelos-8-1024x150.webp 1024w, https:\/\/thehoneyclub.com.br\/wp-content\/uploads\/2025\/03\/Honey-Club-Apresentacao-Modelos-8-300x44.webp 300w, https:\/\/thehoneyclub.com.br\/wp-content\/uploads\/2025\/03\/Honey-Club-Apresentacao-Modelos-8-768x112.webp 768w, https:\/\/thehoneyclub.com.br\/wp-content\/uploads\/2025\/03\/Honey-Club-Apresentacao-Modelos-8.webp 1113w\" sizes=\"(max-width: 1024px) 100vw, 1024px\" \/>\t\t\t\t\t\t\t\t<\/a>\n\t\t\t\t\t\t\t\t\t\t\t\t\t\t\t<\/div>\n\t\t\t\t<div class=\"elementor-element elementor-element-e80a91c elementor-hidden-desktop elementor-hidden-tablet elementor-hidden-mobile elementor-widget elementor-widget-image\" data-id=\"e80a91c\" data-element_type=\"widget\" data-widget_type=\"image.default\">\n\t\t\t\t\t\t\t\t\t\t\t\t\t\t\t\t<a href=\"https:\/\/docs.google.com\/spreadsheets\/d\/1CFZuRcG42px6-SmpQgGrV_YXS0HSMlNgBOOU8GJtfpA\/edit?gid=1239964993#gid=1239964993\">\n\t\t\t\t\t\t\t<img loading=\"lazy\" decoding=\"async\" width=\"1024\" height=\"150\" src=\"https:\/\/thehoneyclub.com.br\/wp-content\/uploads\/2025\/03\/Honey-Club-Apresentacao-Modelos-6-1024x150.webp\" class=\"attachment-large size-large wp-image-272\" alt=\"\" srcset=\"https:\/\/thehoneyclub.com.br\/wp-content\/uploads\/2025\/03\/Honey-Club-Apresentacao-Modelos-6-1024x150.webp 1024w, https:\/\/thehoneyclub.com.br\/wp-content\/uploads\/2025\/03\/Honey-Club-Apresentacao-Modelos-6-300x44.webp 300w, https:\/\/thehoneyclub.com.br\/wp-content\/uploads\/2025\/03\/Honey-Club-Apresentacao-Modelos-6-768x112.webp 768w, https:\/\/thehoneyclub.com.br\/wp-content\/uploads\/2025\/03\/Honey-Club-Apresentacao-Modelos-6.webp 1113w\" sizes=\"(max-width: 1024px) 100vw, 1024px\" \/>\t\t\t\t\t\t\t\t<\/a>\n\t\t\t\t\t\t\t\t\t\t\t\t\t\t\t<\/div>\n\t\t\t\t<\/div>\n\t\t\t\t\t<\/div>\n\t\t\t\t<\/div>\n\t\t<div class=\"elementor-element elementor-element-11a56b02 e-flex e-con-boxed e-con e-parent\" data-id=\"11a56b02\" data-element_type=\"container\" data-settings=\"{&quot;background_background&quot;:&quot;classic&quot;}\">\n\t\t\t\t\t<div class=\"e-con-inner\">\n\t\t<div class=\"elementor-element elementor-element-33faeb2b e-con-full e-flex e-con e-child\" data-id=\"33faeb2b\" data-element_type=\"container\">\n\t\t\t\t<div class=\"elementor-element elementor-element-71afa230 elementor-widget elementor-widget-text-editor\" data-id=\"71afa230\" data-element_type=\"widget\" data-widget_type=\"text-editor.default\">\n\t\t\t\t\t\t\t\t\t<p style=\"text-align: center;\">Caso tenha qualquer d\u00favida nossa equipe estar\u00e1 \u00e1 disposi\u00e7\u00e3o para atende-lo!<\/p>\t\t\t\t\t\t\t\t<\/div>\n\t\t\t\t<\/div>\n\t\t<div class=\"elementor-element elementor-element-3e05169f e-con-full e-flex e-con e-child\" data-id=\"3e05169f\" data-element_type=\"container\">\n\t\t\t\t<div class=\"elementor-element elementor-element-63945668 elementor-hidden-tablet elementor-hidden-mobile elementor-widget elementor-widget-image\" data-id=\"63945668\" data-element_type=\"widget\" data-widget_type=\"image.default\">\n\t\t\t\t\t\t\t\t\t\t\t\t\t\t\t<img loading=\"lazy\" decoding=\"async\" width=\"1920\" height=\"1080\" src=\"https:\/\/thehoneyclub.com.br\/wp-content\/uploads\/2025\/03\/Honey-Club-Apresentacao-Modelos-10-1.webp\" class=\"attachment-full size-full wp-image-268\" alt=\"\" srcset=\"https:\/\/thehoneyclub.com.br\/wp-content\/uploads\/2025\/03\/Honey-Club-Apresentacao-Modelos-10-1.webp 1920w, https:\/\/thehoneyclub.com.br\/wp-content\/uploads\/2025\/03\/Honey-Club-Apresentacao-Modelos-10-1-300x169.webp 300w, https:\/\/thehoneyclub.com.br\/wp-content\/uploads\/2025\/03\/Honey-Club-Apresentacao-Modelos-10-1-1024x576.webp 1024w, https:\/\/thehoneyclub.com.br\/wp-content\/uploads\/2025\/03\/Honey-Club-Apresentacao-Modelos-10-1-768x432.webp 768w, https:\/\/thehoneyclub.com.br\/wp-content\/uploads\/2025\/03\/Honey-Club-Apresentacao-Modelos-10-1-1536x864.webp 1536w\" sizes=\"(max-width: 1920px) 100vw, 1920px\" \/>\t\t\t\t\t\t\t\t\t\t\t\t\t\t\t<\/div>\n\t\t\t\t<\/div>\n\t\t\t\t\t<\/div>\n\t\t\t\t<\/div>\n\t\t<div class=\"elementor-element elementor-element-6749cd50 e-flex e-con-boxed e-con e-parent\" data-id=\"6749cd50\" data-element_type=\"container\" data-settings=\"{&quot;background_background&quot;:&quot;classic&quot;}\">\n\t\t\t\t\t<div class=\"e-con-inner\">\n\t\t\t\t<div class=\"elementor-element elementor-element-3562800f elementor-widget elementor-widget-text-editor\" data-id=\"3562800f\" data-element_type=\"widget\" data-widget_type=\"text-editor.default\">\n\t\t\t\t\t\t\t\t\t<p style=\"text-align: center;\">\u00a9 Honey Club. Todos os direitos reservados.<\/p>\t\t\t\t\t\t\t\t<\/div>\n\t\t\t\t\t<\/div>\n\t\t\t\t<\/div>\n\t\t\t\t<\/div>\n\t\t","protected":false},"excerpt":{"rendered":"<p>Espa\u00e7o do Modelo Seja Bem-Vindo! Este \u00e9 o seu espa\u00e7o pessoal para ter acesso aos principais links da sua opera\u00e7\u00e3o! Links de acesso Caso tenha qualquer d\u00favida nossa equipe estar\u00e1 \u00e1 disposi\u00e7\u00e3o para atende-lo! \u00a9 Honey Club. Todos os direitos reservados.<\/p>\n","protected":false},"author":1,"featured_media":0,"parent":0,"menu_order":0,"comment_status":"closed","ping_status":"closed","template":"elementor_canvas","meta":{"footnotes":""},"class_list":["post-293","page","type-page","status-publish","hentry"],"_links":{"self":[{"href":"https:\/\/thehoneyclub.com.br\/index.php?rest_route=\/wp\/v2\/pages\/293","targetHints":{"allow":["GET"]}}],"collection":[{"href":"https:\/\/thehoneyclub.com.br\/index.php?rest_route=\/wp\/v2\/pages"}],"about":[{"href":"https:\/\/thehoneyclub.com.br\/index.php?rest_route=\/wp\/v2\/types\/page"}],"author":[{"embeddable":true,"href":"https:\/\/thehoneyclub.com.br\/index.php?rest_route=\/wp\/v2\/users\/1"}],"replies":[{"embeddable":true,"href":"https:\/\/thehoneyclub.com.br\/index.php?rest_route=%2Fwp%2Fv2%2Fcomments&post=293"}],"version-history":[{"count":12,"href":"https:\/\/thehoneyclub.com.br\/index.php?rest_route=\/wp\/v2\/pages\/293\/revisions"}],"predecessor-version":[{"id":396,"href":"https:\/\/thehoneyclub.com.br\/index.php?rest_route=\/wp\/v2\/pages\/293\/revisions\/396"}],"wp:attachment":[{"href":"https:\/\/thehoneyclub.com.br\/index.php?rest_route=%2Fwp%2Fv2%2Fmedia&parent=293"}],"curies":[{"name":"wp","href":"https:\/\/api.w.org\/{rel}","templated":true}]}}